s the highest common factor of 2 and 26?
2
What is the highest common factor of 70 and 770?
70
Calculate the highest common factor of 8 and 108.
4
Calculate the highest common divisor of 5054 and 294.
14
What is the greatest common divisor of 890 and 13973?
89
Calculate the highest common divisor of 261 and 29.
29
Calculate the highest common divisor of 60 and 15.
15
Calculate the highest common factor of 1300 and 800.
100
What is the greatest common factor of 14 and 294?
14
Calculate the greatest common factor of 5 and 10590.
5
What is the greatest common divisor of 777 and 74?
37
What is the highest common divisor of 340 and 110?
10
What is the highest common divisor of 150 and 5350?
50
Calculate the greatest common factor of 8856 and 216.
216
What is the highest common divisor of 296 and 96?
8
What is the greatest common divisor of 195 and 14586?
39
What is the greatest common factor of 716 and 84?
4
What is the greatest common factor of 44 and 4994?
22
What is the greatest common factor of 36 and 1332?
36
Calculate the greatest common divisor of 63 and 225.
9
What is the highest common factor of 108 and 900?
36
What is the greatest common factor of 415 and 83?
83
Calculate the highest common factor of 779 and 123.
41
What is the highest common factor of 2880 and 45?
45
What is the highest common factor of 429 and 33?
33
What is the greatest common divisor of 845 and 52?
13
What is the highest common divisor of 26 and 1742?
26
Calculate the highest common factor of 3991 and 13.
13
Calculate the greatest common factor of 89208 and 413.
413
Calculate the highest common factor of 55 and 517.
11
What is the greatest common factor of 90 and 36?
18
What is the greatest common factor of 80 and 110?
10
Calculate the highest common divisor of 378 and 7.
7
Calculate the greatest common divisor of 88 and 66.
22
What is the highest common divisor of 377 and 261?
29
Calculate the highest common divisor of 140 and 13440.
140
Calculate the greatest common factor of 10 and 346.
2
What is the greatest common factor of 459 and 12?
3
What is the greatest common divisor of 132 and 13772?
44
Calculate the greatest common divisor of 190 and 855.
95
What is the highest common divisor of 234 and 162?
18
What is the highest common factor of 875 and 140?
35
What is the highest common factor of 1 and 173?
1
What is the highest common divisor of 132 and 6116?
44
Calculate the highest common factor of 46 and 2438.
46
Calculate the highest common factor of 306 and 234.
18
Calculate the highest common divisor of 131 and 19519.
131
Calculate the greatest common divisor of 36 and 768.
12
What is the greatest common factor of 263 and 17621?
263
Calculate the highest common factor of 39 and 6.
3
What is the highest common factor of 7136 and 128?
32
What is the greatest common divisor of 138 and 84?
6
Calculate the highest common factor of 1107 and 297.
27
What is the highest common divisor of 36323 and 7?
7
What is the highest common factor of 1302 and 2976?
186
Calculate the greatest common factor of 10 and 290.
10
Calculate the greatest common divisor of 11 and 517.
11
What is the highest common factor of 759 and 2442?
33
What is the highest common factor of 300 and 84?
12
What is the highest common factor of 286 and 650?
26
What is the highest common factor of 4000 and 2250?
250
What is the highest common factor of 278 and 10981?
139
What is the highest common factor of 1088 and 136?
136
What is the greatest common factor of 85 and 15?
5
What is the highest common divisor of 30 and 75?
15
Calculate the highest common divisor of 2968 and 318.
106
What is the greatest common divisor of 832 and 13?
13
What is the highest common divisor of 59 and 4189?
59
Calculate the greatest common divisor of 238 and 42.
14
What is the highest common divisor of 988 and 1612?
52
Calculate the highest common divisor of 2 and 1361.
1
Calculate the highest common divisor of 36 and 81.
9
What is the greatest common factor of 10 and 5210?
10
Calculate the highest common divisor of 50 and 86675.
25
What is the highest common divisor of 57580 and 20?
20
What is the highest common factor of 1629 and 27?
9
Calculate the highest common factor of 1845 and 164.
41
What is the greatest common factor of 204 and 876?
12
What is the highest common factor of 1508 and 52?
52
Calculate the highest common factor of 488 and 40.
8
What is the highest common divisor of 4347 and 46?
23
What is the highest common divisor of 2295 and 85?
85
What is the highest common divisor of 6 and 219?
3
What is the greatest common factor of 100 and 775?
25
Calculate the highest common divisor of 2257 and 61.
61
Calculate the greatest common divisor of 387 and 516.
129
What is the greatest common factor of 64 and 416?
32
Calculate the greatest common divisor of 12 and 123.
3
Calculate the greatest common factor of 140 and 1980.
20
What is the highest common factor of 110 and 1560?
10
Calculate the highest common factor of 24 and 948.
12
Calculate the greatest common factor of 4764 and 12.
12
Calculate the highest common factor of 884 and 156.
52
Calculate the greatest common factor of 190 and 110.
10
What is the highest common factor of 3 and 507?
3
Calculate the highest common divisor of 100 and 180.
20
Calculate the greatest common divisor of 880 and 400.
80
What is the highest common divisor of 25 and 675?
25
Calculate the highest common divisor of 105 and 168.
21
What is the greatest common factor of 280 and 1414?
14
What is the highest common factor of 2128 and 80?
16
Calculate the greatest common divisor of 28 and 19124.
28
Calculate the greatest common factor of 112 and 704.
16
What is the greatest common factor of 832 and 64?
64
What is the greatest common divisor of 221 and 85?
17
Calculate the greatest common factor of 63 and 259.
7
Calculate the highest common divisor of 315 and 210.
105
Calculate the greatest common factor of 442 and 33813.
221
What is the highest common factor of 68 and 17?
17
What is the greatest common divisor of 44 and 704?
44
What is the greatest common factor of 1024 and 128?
128
Calculate the greatest common divisor of 104 and 248.
8
What is the greatest common factor of 53 and 795?
53
What is the highest common divisor of 398 and 199?
199
What is the highest common factor of 234 and 126?
18
What is the greatest common divisor of 2 and 58?
2
What is the highest common divisor of 17 and 17?
17
Calculate the highest common divisor of 22831 and 34.
17
What is the greatest common divisor of 33 and 14333?
11
Calculate the greatest common factor of 5130 and 36.
18
What is the greatest common divisor of 12 and 772?
4
Calculate the greatest common divisor of 7597 and 71.
71
Calculate the greatest common divisor of 22457 and 136.
17
What is the greatest common factor of 156 and 78?
78
What is the highest common divisor of 238 and 56?
14
Calculate the highest common divisor of 56 and 40.
8
What is the highest common divisor of 125 and 5975?
25
Calculate the highest common divisor of 1927 and 697.
41
Calculate the highest common divisor of 150 and 1275.
75
Calculate the highest common factor of 57 and 247.
19
Calculate the highest common factor of 140 and 320.
20
What is the highest common divisor of 1147 and 259?
37
Calculate the highest common factor of 204 and 12.
12
Calculate the highest common factor of 2839 and 5177.
167
Calculate the greatest common divisor of 23 and 15709.
23
What is the highest common factor of 17 and 731?
17
What is the highest common divisor of 5 and 955?
5
What is the greatest common divisor of 85 and 323?
17
What is the greatest common divisor of 77 and 77?
77
Calculate the highest common factor of 595 and 1890.
35
What is the greatest common factor of 15360 and 12?
12
Calculate the highest common factor of 76 and 266.
38
Calculate the highest common divisor of 24 and 760.
8
What is the highest common factor of 714 and 42?
42
What is the highest common factor of 1750 and 200?
50
Calculate the highest common divisor of 650 and 100.
50
What is the highest common divisor of 58 and 6?
2
Calculate the highest common factor of 120 and 270.
30
Calculate the highest common factor of 32 and 233.
1
Calculate the highest common factor of 76 and 3762.
38
What is the highest common d